-4*(-3)/4. Suppose 3*o + 0*j = -j + 50, 4*o + p*j - 65 = 0. Let t = o + -10. What is the remainder when 12 is divided by t?
5
Suppose -60 = -3*p - p. Calculate the remainder when p is divided by 8.
7
Suppose -5*a - 40 = -5*y, -16 = -5*y - 3*a - 0*a. Suppose 0 = -o + y*o - 240. Suppose -6*v + o = -v. Calculate the remainder when 33 is divided by v.
9
Let f(r) = -r**2 - 5*r - 6. Let u be f(-6). Let v = 23 + u. Suppose -5*k - 4 + 104 = 0. What is the remainder when k is divided by v?
9
Let y be 1 + (-10)/4*-4. Suppose 0 = 5*h - x - 52, 3*x - 55 + y = -5*h. What is the remainder when h is divided by 4?
2
Suppose 10*m - 80 = 6*m. Let d = 17 - 6. Calculate the remainder when m is divided by d.
9
Suppose 3*f - 6 = f. Suppose 0*b = b - c + 1, -27 = -f*b - 3*c. Suppose 0 = 3*j - 4*y - 33, -b*j + y = 25 - 69. What is the remainder when 30 is divided by j?
8
Let o(l) = -l**3 + 7*l**2 + l + 4. Suppose -2*v = 5*u + 11, 19 = -v - 4*v - 4*u. Calculate the remainder when o(7) is divided by 15/(-5)*(1 + v).
5
Suppose -3*s = -8*s - 5. Let f(t) be the first derivative of -4*t**4 - t**3/3 + t - 1. Calculate the remainder when 31 is divided by f(s).
15
Let r = 89 + -63. Calculate the remainder when r is divided by 14.
12
Let p(m) = 8*m**3. Suppose 0 = 3*n + 3*y + 22 - 76, 60 = 3*n + 5*y. Let z be (-3)/n + 12/10. What is the remainder when 23 is divided by p(z)?
7
Let n(y) = -2*y + 63. Calculate the remainder when n(4) is divided by 18.
1
Suppose -5*q + g = 3*g - 17, 2*g = 2*q - 4. Suppose -q*a = 5*r - 25, -2*r - 3 + 1 = 0. Calculate the remainder when 18 is divided by a.
8
Suppose 3*m - 3*y - 2 - 7 = 0, y = 2. Let h(o) = -2*o + 12. Let b(z) = z - 12. Let q(c) = m*b(c) + 4*h(c). Calculate the remainder when q(-8) is divided by 7.
5
Suppose 6*o - o + 80 = 0. Calculate the remainder when 16 is divided by (-80)/(-14) + o/(-56).
4
Let y = -18 - -32. Suppose -18*v + 16*v = -52. Calculate the remainder when v is divided by y.
12
Suppose -l + 17 = -4. Suppose 2*k + 1 - 17 = -g, 58 = 4*g + 5*k. Calculate the remainder when l is divided by g.
9
Let u(h) = 3*h + 21. Calculate the remainder when u(5) is divided by 19.
17
Calculate the remainder when (32/(-1))/(-2)*1 is divided by 9.
7
Let x(w) = -4 - 3 - 8*w + 4. What is the remainder when x(-3) is divided by (-8 + 4)/4*-12?
9
Suppose 44 = 4*u - 4. Calculate the remainder when 1 - -20 - (0 - 1) is divided by u.
10
Let b = 76 - 57. What is the remainder when b is divided by ((-14)/6)/((-2)/6)?
5
Suppose 4*h - 6 = -2*x, 0 = -x - x - 10. Let b(j) = -4*j - 2. Let m be b(-4). Calculate the remainder when h is divided by 32/14 - 4/m.
0
Let i(d) = d**3 + 7*d**2 + 4*d - 1. Let p be i(-5). Suppose p = 3*h - 55. Calculate the remainder when 55 is divided by h.
27
Let i = 8 - 7. Suppose -2 = -z - i, -4*z = -3*x + 185. Let w = x - 35. Calculate the remainder when w is divided by 15.
13
Let b be -1 - -3 - (-6 - 3). Suppose b = -5*m + 81. Calculate the remainder when m is divided by 5.
4
Let l = 7 - 6. Suppose 0 = -3*c + 41 + l. Calculate the remainder when 41 is divided by c.
13
Let f(p) = -4*p + 4. Let g be f(-4). Let a = -10 + g. What is the remainder when a is divided by ((-2)/4)/((-2)/16)?
2
Suppose -7*l - 54 = -8*l. Calculate the remainder when l is divided by 19.
16
Let j = -7 + 18. Let r = 1 - -1. What is the remainder when (-2)/(-6) + j/3 is divided by r?
0
Let l = -19 + 31. Let w = l + 34. Calculate the remainder when w is divided by 12.
10
Let s be ((-1)/(-2))/((-1)/46). Let w be (1 - s)/(12/32). Suppose 0 = 4*a - 2*t - w, 5*a = 3*t + 7 + 75. What is the remainder when 26 is divided by a?
12
Let q = -45 + 57. Calculate the remainder when 1/3 - 548/(-12) is divided by q.
10
Let g = 31 + -4. Calculate the remainder when 45 is divided by g.
18
Calculate the remainder when 15 is divided by (-1 - 0)*(-10 + 42/7).
3
Suppose -f + g = -3, -5*f - g + 3*g = -6. Suppose 5*h + f*h - 60 = 0. Calculate the remainder when 21 is divided by h.
9
What is the remainder when 13 is divided by 2/(-6) - 16/(-3)?
3
Calculate the remainder when -2*-10*7/4 is divided by -6*(-5)/20*6.
8
Suppose 2*z + 16 = 104. Let t(l) = 3*l**2 - 11*l + 3. Let d be (-2)/7 + (-222)/(-42). Calculate the remainder when z is divided by t(d).
21
Let a(t) = -t**3 + 5*t**2 + 2*t - 1. Let b be a(5). Suppose 4*m + b = -0*m + 5*i, 3*m - 2 = -5*i. What is the remainder when (1/3)/m*-87 is divided by 10?
9
Suppose 5*p - 4 = 11. Let b = -1 + 1. Suppose b*m + p*m = 30. What is the remainder when 29 is divided by m?
9
Suppose -2*u + 28 = 6. Let h = u + -7. Suppose -h*k + 89 = -39. What is the remainder when k is divided by 11?
10
Let a = -13 - -14. Calculate the remainder when 3 is divided by a.
0
Let k = 50 + -20. Calculate the remainder when 76 is divided by k.
16
Let f(h) = h**3 - 3*h**2 + h + 6. Let t be f(3). Let o(x) = x + 11. Calculate the remainder when o(t) is divided by 8.
4
Let x = -4 - -58. What is the remainder when x is divided by 19?
16
Let d(k) be the first derivative of -k**3/3 + 7*k**2/2 - 3*k + 4. What is the remainder when 26 is divided by d(4)?
8
Suppose -4*g = 3 - 307. Suppose -53 - g = -3*x. Calculate the remainder when x is divided by 22.
21
Let f(m) = -6*m + 1. Let v(q) = q**3 - 13*q**2 - 15*q + 13. Let g be v(14). What is the remainder when 25 is divided by f(g)?
4
Let s(z) = z**2 + 2*z + 1. Let d be s(2). Calculate the remainder when (-6)/d + 124/6 is divided by 7.
6
Suppose -2 - 2 = 4*p - 3*s, p - 5*s + 18 = 0. Suppose p*n - 24 = -2*n. What is the remainder when n is divided by 4?
2
Let c = 62 - 52. What is the remainder when 49 is divided by c?
9
Suppose -x + 6*x + 875 = 0. Suppose -5*t + 45 = -45. What is the remainder when (2/5)/((-1)/x) is divided by t?
16
Suppose 3*s + 37 = 46. Calculate the remainder when 3 is divided by s.
0
Suppose 4*f = j + 8, -f + 0*f = -j - 2. Suppose 4*n - 3*n = j. Suppose n*b - 63 = -3*b. What is the remainder when b is divided by 12?
9
Suppose 3*x - 174 = -5*z, -21*x + 16*x = z - 268. What is the remainder when x is divided by 13?
1
Suppose 11*i - 20 = 9*i. Calculate the remainder when 56 is divided by i.
6
Suppose 3*y + 2*c - 24 = -0, 0 = -3*y + 4*c + 42. Let r(a) = -2 + 1 - 15*a - y*a. Calculate the remainder when r(-1) is divided by 9.
6
Let s = 5 - 3. Let f = 27 + -23. Calculate the remainder when f is divided by s.
0
Suppose 36 = 4*n - b, -b - 2*b = -3*n + 27. Let q = 25 - 7. Let m = -13 + q. What is the remainder when n is divided by m?
4
Suppose 4*l = 258 + 378. Let r = 36 + l. Suppose 0 = -5*z + 115 + r. Calculate the remainder when z is divided by 21.
20
Let q(o) = 5*o - 17. What is the remainder when 52 is divided by q(7)?
16
Let j = 0 - -15. Calculate the remainder when 41 is divided by j.
11
Let g(p) = -p**2 - 5*p + 3*p**2 + 0*p**2 - 3. Calculate the remainder when 35 is divided by g(4).
8
Let z(n) = n**3 + 4*n**2 + 4. Suppose -3*d = -8*d + 5*o + 85, -o = -1. Suppose -3*t = -6*t + d. What is the remainder when t is divided by z(-4)?
2
Let o = 0 + 2. Suppose 6*k - k + 36 = 2*h, 35 = 3*h + o*k. Suppose 225 + 41 = 7*a. Calculate the remainder when a is divided by h.
12
Let z = 35 + -7. What is the remainder when 66 is divided by z?
10
Let u(y) = 1 - 4 + 2. Let o(b) = 7*b + 15. Let w(g) = o(g) + 4*u(g). What is the remainder when w(8) is divided by 23?
21
Let u = 78 + -46. Calculate the remainder when u is divided by 1/(-4) + 37/4.
5
Let n(f) = f**3 + 7*f**2 + 8*f + 9. Let j be n(-6). Let g = 16 + j. What is the remainder when 38 is divided by g?
12
Let g = -44 - -87. Suppose 5*y = p + 78, -4*y + 3*p - p + 66 = 0. Calculate the remainder when g is divided by y.
13
What is the remainder when 12 is divided by 1/7 - 108/(-28)?
0
Suppose 0*i - i + 14 = 0. Suppose -i - 26 = -2*w. What is the remainder when 39 is divided by w?
19
Suppose -42 = -2*b + 4*t, -2*b + 3*t = -22 - 20. Calculate the remainder when b is divided by 6.
3
Let m(r) = -6*r - 5. Suppose -n = -5*n - 36. Calculate the remainder when m(n) is divided by 17.
15
Suppose 5*a + 5*f - 115 + 10 = 0, -3*f = -5*a + 73. Let r(y) = -y**3 + 10*y**2 - 11*y + 8. What is the remainder when r(8) is divided by a?
14
Let w = -19 + -29. Let j be 0 + 3 + -2 - -70. Let n = w + j. Calculate the remainder when n is divided by 12.
11
Calculate the remainder when 45 + 8*(-1)/(-2) 